 s(16)?
107
Let o(t) = -2*t**3 - 15*t**2 + t + 2. What is o(3)?
-184
Let s(u) = 5*u**3 + 70*u**2 + 246*u + 4. Give s(-7).
-3
Let g(p) = 3*p**3 + 244*p**2 + 89*p + 202. What is g(-81)?
-446
Let u(q) = 287*q + 111. Give u(-1).
-176
Let b(w) = -4*w**2 - 391*w + 105. Give b(-98).
7
Let j(u) = 8*u**3 + 29*u**2 - 14*u - 12. Calculate j(-4).
-4
Let a(k) = 29*k - 436. Determine a(15).
-1
Let q(i) = -i**3 - 13*i**2 + 27*i - 91. Calculate q(-15).
-46
Let d(j) = -818*j**3 - 2*j**2 + j + 3. Determine d(-1).
818
Let z(r) = -r**3 + 16*r**2 - 20*r + 7. Give z(15).
-68
Let y(u) = -u**2 + 133*u + 590. What is y(-4)?
42
Let h(b) = b**3 + 22*b**2 + 221*b + 1531. What is h(-14)?
5
Let c(v) = -v**3 + 65*v**2 + 275*v + 125. Calculate c(69).
56
Let x(b) = -11*b**2 + 114*b - 140. Calculate x(9).
-5
Let t(r) = -73*r**3 + 3*r**2 - 13*r + 22. Give t(2).
-576
Let n(u) = 229*u**2 + 7*u - 26. Give n(2).
904
Let v(x) = -746*x + 25372. Calculate v(34).
8
Let l(g) = 2*g**2 - 108*g + 322. Give l(3).
16
Let q(m) = 684*m - 53349. Calculate q(78).
3
Let b(n) = -23*n - 42. Calculate b(-4).
50
Let s(x) = -x**2 + 50*x - 247. Give s(44).
17
Let f(z) = 6*z**2 + 220*z + 2027. Calculate f(-20).
27
Let o(m) = -139*m**3 - 2*m**2 + 5*m - 3. Give o(1).
-139
Let o(d) = -d**2 - 3*d + 280. What is o(14)?
42
Let a(r) = -r**2 + 34*r - 75. What is a(29)?
70
Let h(d) = 1391*d + 27825. Give h(-20).
5
Let l(u) = -u**3 - 48*u**2 - 15*u - 113. What is l(0)?
-113
Let f(w) = -w**3 + 2*w**2 - 138*w - 284. What is f(-2)?
8
Let z(f) = -f**3 - 11*f**2 + 15*f + 135. Give z(-12).
99
Let k(z) = -9541*z + 19081. Give k(2).
-1
Let i(z) = 5*z**2 + 239*z + 191. Calculate i(-47).
3
Let j(n) = 756*n - 6800. What is j(9)?
4
Let u(y) = -16*y**3 + 2*y**2 + 10*y + 19. Give u(-2).
135
Let k(h) = h**3 - 21*h**2 - 116*h + 2121. Calculate k(22).
53
Let y(u) = -2*u**3 + 3*u**2 - 288. Determine y(0).
-288
Let c(m) = -m**3 + 25*m**2 + 12*m - 820. Determine c(24).
44
Let j(h) = 3*h**2 - 23*h - 37. Give j(12).
119
Let l(v) = 15*v - 394. Determine l(29).
41
Let o(q) = -q**3 + 4*q**2 - 33*q + 141. Determine o(4).
9
Let c(p) = 122*p - 10678. Determine c(85).
-308
Let d(x) = -x**3 - 5*x**2 + x - 35. Give d(-6).
-5
Let h(o) = o**2 + 337*o - 9051. Give h(25).
-1
Let m(c) = -5*c**2 - 6*c - 38. Determine m(-8).
-310
Let z(v) = 2*v**2 + 24*v + 63. Give z(-8).
-1
Let w(n) = n**2 + 28*n + 165. Calculate w(-24).
69
Let w(s) = 2*s**3 - 34*s**2 + 119*s - 13. Determine w(12).
-25
Let y(l) = -2*l**3 - 19*l**2 - 3*l - 3. Give y(-10).
127
Let x(r) = 234*r**2 - 12160*r - 414. Give x(52).
2
Let f(u) = 21*u + 120. What is f(-6)?
-6
Let d(i) = -10*i**2 + 37*i + 98. Give d(6).
-40
Let p(z) = 429*z**2 - 6006*z - 4. What is p(14)?
-4
Let b(x) = x**3 - x**2 + 19*x - 18. Determine b(0).
-18
Let h(g) = g**2 + 9*g - 88. Calculate h(-15).
2
Let v(s) = 2*s + 48. Calculate v(9).
66
Let h(g) = -17*g + 310. Determine h(19).
-13
Let x(h) = h**2 + 44*h + 398. Calculate x(0).
398
Let o(a) = -a**3 + 15*a**2 + 76*a - 10. Determine o(-4).
-10
Let m(n) = n**3 + 4*n**2 - 5*n + 42. What is m(-5)?
42
Let u(k) = 2*k**2 - 27*k - 72. Calculate u(-3).
27
Let h(y) = -4*y + 118. Give h(30).
-2
Let a(v) = -v**3 + 42*v**2 + 299*v - 464. Calculate a(48).
64
Let d(y) = y**2 - 9*y - 124. Give d(-8).
12
Let m(i) = 69*i - 57. Give m(4).
219
Let t(l) = -509*l**2 - 3039*l + 16. What is t(-6)?
-74
Let z(y) = -9076*y - 5. Calculate z(0).
-5
Let p(q) = -2*q**2 + 116*q - 376. Give p(50).
424
Let s(i) = -i**3 + 12*i**2 + 115*i - 347. Give s(-8).
13
Let g(a) = -197*a - 3687. What is g(-19)?
56
Let p(q) = 2*q**2 - 45*q + 175. Determine p(6).
-23
Let x(v) = -118*v - 251. What is x(-2)?
-15
Let b(i) = 61*i**3 - 8*i**2 + 25*i - 1. Calculate b(2).
505
Let y(s) = -5*s**3 + s**2 - 2*s - 1. Determine y(2).
-41
Let x(q) = q**3 + 20*q**2 + 77*q - 34. Calculate x(-15).
-64
Let n(h) = 3*h**3 - 19*h**2 - 23. What is n(7)?
75
Let x(t) = 6243*t + 37433. Determine x(-6).
-25
Let m(b) = -b**3 + 10*b**2 + 11*b + 42. Give m(11).
42
Let p(a) = -265*a - 5560. What is p(-21)?
5
Let k(m) = -3*m**3 - 27*m**2 - 10*m - 88. Determine k(-9).
2
Let i(b) = -b**3 - 25*b**2 - 27*b - 57. What is i(-24)?
15
Let j(n) = 18*n**2 - 169*n - 113. What is j(10)?
-3
Let k(a) = -3*a**2 - 6*a + 16. Give k(-4).
-8
Let h(r) = -18*r + 142. What is h(5)?
52
Let w(c) = 3*c**2 - 60. Give w(4).
-12
Let w(s) = -s**3 - 21*s**2 - 17*s + 122. Calculate w(-20).
62
Let h(i) = -i**3 - 23*i**2 - 39*i - 40. Calculate h(-8).
-688
Let t(x) = -x**3 - 7*x**2 + 3*x + 19. What is t(-7)?
-2
Let n(b) = 3*b**3 - 26*b**2 + 19*b - 24. Give n(6).
-198
Let c(f) = 1024*f - 5117. Calculate c(5).
3
Let p(r) = -r**2 - 118*r + 372. Give p(-121).
9
Let p(i) = -5*i**3 - 276*i**2 - 60*i - 224. Give p(-55).
51
Let h(a) = a**3 - 92*a**2 - 94*a - 8842. Give h(94).
-6
Let f(n) = -944*n - 8510. Determine f(-9).
-14
Let g(n) = -224*n - 10987. Give g(-49).
-11
Let w(t) = -33*t**2 + 269*t + 1539. Give w(-6).
-1263
Let c(s) = -s**2 - 46*s + 2956. Calculate c(36).
4
Let a(h) = -106*h - 975. What is a(-9)?
-21
Let h(m) = -22*m + 232. Calculate h(11).
-10
Let o(p) = 6*p - 115. Give o(14).
-31
Let p(j) = 1235*j + 9873. Give p(-8).
-7
Let o(v) = -237*v + 4494. What is o(20)?
-246
Let k(l) = l**3 - 4*l**2 - 8*l + 2. Calculate k(-3).
-37
Let q(j) = j**3 - 5*j**2 + 19*j - 135. Determine q(6).
15
Let i(p) = p**3 - 7*p**2 - 57*p + 28. Give i(12).
64
Let f(n) = 70*n + 261. Determine f(-4).
-19
Let t(h) = 3*h**3 + 250*h**2 + 89*h + 514. Calculate t(-83).
16
Let c(q) = -q**2 + 5*q + 255. Determine c(-31).
-861
Let u(m) = -m**3 + 4*m**2 - 11*m + 1. Calculate u(4).
-43
Let c(h) = 8593*h + 42968. Give c(-5).
3
Let z(u) = u**2 - u - 603. Determine z(-24).
-3
Let y(a) = -1887*a + 1878. What is y(1)?
-9
Let x(l) = 9*l - 16. Give x(-13).
-133
Let x(b) = -15*b + 481. Calculate x(27).
76
Let m(s) = -49*s + 25. Give m(2).
-73
Let g(r) = -258*r + 1472. What is g(6)?
-76
Let i(p) = -26*p - 523. Calculate i(-3).
-445
Let d(o) = 572*o + 1678. What is d(-3)?
-38
Let j(w) = -w**3 - 20*w**2 - 79*w + 51. Give j(-6).
21
Let m(u) = u**3 - 7*u**2 + 20*u - 17. What is m(4)?
15
Let r(t) = 21511*t + 150573. Give r(-7).
-4
Let i(k) = -33*k - 606. Calculate i(-19).
21
Let g(x) = -1228*x**2 - 45436*x + 4. Give g(-37).
4
Let z(y) = -7*y - 347. Give z(-57).
52
Let v(l) = 566*l + 50385. Determine v(-89).
11
Let i(q) = -q**2 + 406*q - 5871. Determine i(15).
-6
Let v(b) = -2*b**3 + 130*b**2 - 482*b - 386. Calculate v(61).
-20
Let g(j) = -2*j**3 - 19*j**2 - 10*j - 3. What is g(-8)?
-115
Let g(j) = 448*j + 16565. Determine g(-37).
-11
Let g(f) = f**3 - 14*f**2 - 51*f - 357. What is g(18)?
21
Let q(f) = f**3 - 112*f**2 + 3007*f - 1021. Give q(68).
-1
Let q(p) = -408*p - 6515. What is q(-16)?
13
Let l(s) = s**3 - 13*s**2 - 59*s + 4. Determine l(-4).
-32
Let m(o) = 442*o - 4394. Calculate m(10).
26
Let j(w) = 7*w**2 - 5*w + 22. Calculate j(5).
172
Let q(f) = 495*f + 1816. Give q(-4).
-164
Let g(d) = 2*d**3 + 216*d**2 - 220*d - 207. What is g(-109)?
11
Let x(d) = -72*d - 21. What is x(-1)?
51
Let f(o) = 5*o - 179. Give f(-18).
-269
Let b(m) = 157*m + 4552. What is b(-31)?
-315
Let i(d) = -d**3 + 15*d**2 + 153*d - 41. Determine i(22).
-63
Let p(j) = 5*j**2 + 475*j - 42275. What is p(56)?
5
Let x(c) = 282*c + 4224. Give x(-15).
-6
Let j(b) = 9739*b - 233724. Calculate j(24).
12
Let t(o) = -2*o**2 - 3*o + 74. Calculate t(0).
74
Let g(q) = -2*q**2 + 12*q + 319. Calculate g(-11).
-55
Let c(h) = 10*h**2 - h + 14. Determine c(0).
14
Let y(a) = 9*a + 59. What is y(5)?
104
Let f(l) = -l**2 + l + 284. Give f(17).
12
Let q(z) = z**3 + 13*z**2 + 2*z - 18. Calculate q(-12).
102
Let o(c) = -27*c**3 + 4*c**2 - 6*c - 3. Give o(2).
-215
Let j(p) = p**3 + 14*p**2 - 15*p - 12. What is j(-15)?
-12
Let s(m) = m**3 + 50*m**2 + 4*m + 192. Calculate s(-50).
-8
Let n(s) = 124*s - 26. Determine n(2).
222
Let r(i) = 129*i + 701. Determine r(-6).
-73
Let m(k) = 18*k - 534. Calculate m(16).
-246
Let b(f) = 74*f - 602. What is b(10)?
138
Let p(o) = o**3 - 50*o**2 + 522*o + 369. Give p(16).
17
Let r(a) = -a**2 - 2465*a + 15. Determine r(0).
15
Let p(v) = -19*v**2 + 534*v - 2683. Determine p(5).
-488
Let v(y) = -y**2 - 108*y + 923. Determine v(8).
-5
Let n(u) = -180*u**3 - u**2. Calculate n(-1).
179
Let k(w) = -2*w**2 + 7*w + 85. Calculate k(-5).
0
Let r(a)